 Let g(o) be the first derivative of d(o). Is g(-4) a prime number?
False
Suppose i + 5*n - 6 - 6 = 0, 5*n - 6 = 2*i. Suppose -4*t - 48 = -5*q, i*q - 34 = -2*q + t. Let k(o) = -o**3 + 8*o**2 + 6*o - 11. Is k(q) composite?
False
Let v(a) = a**2 + 8*a + 7. Let j(b) = -b**3 + 3*b**2 + 4*b + 4. Let x be j(4). Suppose -6 = -x*o - 38. Is v(o) a composite number?
False
Let g be 4/10 - 12/5. Let r = 3 + g. Let x = r - -5. Is x a composite number?
True
Let b(h) = 4*h**3 + 2*h**2 - 2*h + 6. Let c be b(4). Suppose 0 = 3*q - q - c. Suppose -3*t = -2*t - q. Is t a prime number?
False
Is 18/(-90) - (-5412)/10 a prime number?
True
Let o = -9 - -19. Let t(x) = 2*x**2 - 8*x - 14. Is t(o) a prime number?
False
Let a = -11 - -7. Is 138/4 + (-2)/a a prime number?
False
Let x(h) = 28*h**2 + h + 1. Let f be x(-2). Suppose -3*k + 84 + f = 0. Is k prime?
False
Suppose 3*l - 2*k - 4600 - 1885 = 0, 0 = -2*l + 5*k + 4327. Is l a prime number?
True
Let v be 1/2 + (-1)/(-2). Let d = v + -1. Suppose d = f - 1, -3*c + f + 54 = -2*f. Is c composite?
False
Suppose -5*a + 49 = 2*g, -2*g = g + 3*a - 51. Is (g/(-4) + 2)*-127 prime?
True
Is ((-21)/9)/(2/(-534)) prime?
False
Let g = 14 - 7. Is (-5*1)/(g/(-133)) a composite number?
True
Suppose 0 = m, 4*z - 252 = -3*m + 6*m. Suppose -z = 4*r - 7*r. Is r a composite number?
True
Let o(s) = 10*s**2 - 5*s**2 + 4 + 3*s + 0*s + 23*s**2. Is o(-3) a prime number?
False
Let z(g) = -g**2. Let v(w) = -2*w**2 - 4*w - 6. Let a(y) = v(y) - 3*z(y). Let n be a(5). Is 133 + (0 + n - -1) prime?
False
Let c = 86 - -392. Is c a composite number?
True
Suppose -p + 2*p = -1. Is 3 + 9 - (0 + p) prime?
True
Is 0/2 - (-4)/(-8)*-7094 a prime number?
True
Suppose -4*q = -7 - 1. Let j be -12*2*q/(-12). Is (-1)/j + 2535/12 prime?
True
Let f = -227 - -133. Suppose 4*c + 31 + 125 = 4*n, 5*c + 3*n + 211 = 0. Let k = c - f. Is k composite?
False
Let w(c) = -c**3 + c**2 + c - 1. Let n be w(1). Let m = 0 - n. Let d(x) = -x**3 + x**2 + 37. Is d(m) a composite number?
False
Suppose 0 = 3*m - 5*f - 24, -m - m = -4*f - 14. Is m a prime number?
True
Let i = -387 - -1274. Is i a prime number?
True
Let c be (9 - 12) + -1 + 7. Suppose -2*g = -c*g + 307. Is g a prime number?
True
Let u be 6/21 + (-290)/(-14). Suppose w + f - u = 0, -f - 2*f = -4*w + 98. Is w a composite number?
False
Let f(j) = 6*j**2 - j + 2. Let o(m) = -7*m**2 - 2. Let d(i) = -6*f(i) - 5*o(i). Suppose -h = -2*r + 6, 3*h = 2*r + 4*h - 6. Is d(r) prime?
True
Let l be 3 - ((-2)/2 - -2). Is (l + (-15)/6)*-74 composite?
False
Let j(a) = 19*a**3 + a**2 + 2*a + 1. Suppose -w + 3*z = -17, 3 = w - 5*z - 24. Suppose -w*s - 2*r = 0, s + 4*r = 2*s - 10. Is j(s) a prime number?
False
Suppose -r + 36 = -15. Is r a composite number?
True
Suppose 0*c + 5*c - 5 = 0. Is 1*(0 + 87)*c prime?
False
Let x(b) = 35*b**2 - b. Let o be 28/20 - 4/10. Let s be x(o). Suppose -2*n - s = -3*n. Is n a composite number?
True
Suppose 2*l - 3*t - 177 = 0, 2*l + 2*t - 106 = 66. Is l composite?
True
Suppose -1009 = -2*w + 4629. Is w a prime number?
True
Let h be (3/5 + -1)*10. Let m be 55/(-10) - 2/h. Let t = 11 + m. Is t composite?
True
Let o be 786/8 - (-2)/(-8). Suppose -2*l = -134 - o. Let w = l + -81. Is w a composite number?
True
Let z(g) = 4*g - 3. Let b be z(11). Suppose b = c - 72. Is c composite?
False
Is 2*(1849/2 + -4)/1 prime?
False
Let a(g) = 6*g - 4 - g + 4*g. Let d be a(4). Suppose 4*h = 108 - d. Is h a prime number?
True
Let b be (213/(-2))/(9/(-12)). Suppose -b = -4*c - 2. Is c prime?
False
Suppose 0*i - i - 3 = 0. Let n(t) = 5*t**2 + 4*t + 4. Is n(i) prime?
True
Let k(f) = 25*f**2 - 2*f - 6. Let d(z) = 4*z - 2. Let b be d(2). Let g be k(b). Suppose 4*o = -2*w + g, -2*o = o - 2*w - 679. Is o prime?
True
Let a = 386 - 198. Let s = 373 - a. Is s a composite number?
True
Let y be (-4 - -2)/(2 + -3). Suppose -y*u + 150 = 3*h, -3*h = 2*u - 6*u + 264. Is u prime?
False
Suppose 3*s - 1609 = -4*a + 4968, -3293 = -2*a - 3*s. Is a prime?
False
Let j(i) = -i**2 - 5*i + 5. Let x be j(-5). Suppose -d = -4*l + 2*d + 14, x*l - 5*d = 20. Suppose -l*t = 26 - 92. Is t composite?
True
Let l(t) = 16*t - 3. Is l(6) prime?
False
Suppose -5*p - 381 = -6*p. Is p a composite number?
True
Let c(j) = 5 - 6 + 2*j + j**2 + 0*j. Is c(-6) a prime number?
True
Let h(o) = -316*o**2 + 7*o - 2. Let x(m) = -158*m**2 + 3*m - 1. Let i(p) = -3*h(p) + 7*x(p). Let b be i(-1). Is 2*(0 + b/(-6)) composite?
False
Is 1*(-3)/(-12) + 2630/8 a prime number?
False
Suppose -5*w + 98 = -27. Is 2115/w + 4/10 prime?
False
Suppose -3*l - 14 = -k, -3*k + 4*k - 5*l - 20 = 0. Suppose z - k = -w - 0, 5*w = 3*z + 65. Suppose v = -4 + w. Is v a composite number?
True
Suppose 2*n + z - 5 = 3, -4*n = 3*z - 16. Suppose 2*j - 5*c + 44 = 6*j, n*c = 16. Is 3/j*(-40)/(-2) a composite number?
True
Suppose -2*k + 1 = -13. Is k a prime number?
True
Let z = 616 + -306. Suppose -t - t = -z. Is t prime?
False
Suppose -r = 2*c + 8, 4*c + 5 = r - 17. Suppose r*f - 12 + 4 = -2*k, k = -2*f + 10. Is f a composite number?
True
Is (-36)/(-14) + (-8)/14 + 119 a composite number?
True
Let j(i) = i**2 - 8*i + 2. Let h be (-20)/6*(-12)/5. Let o be j(h). Suppose 3*w = 2*x + 383, -o*w - x = 4*x - 249. Is w a composite number?
False
Suppose t - 634 + 42 = -5*a, 598 = 5*a - t. Is a a prime number?
False
Suppose -99 = -3*r + 48. Is r prime?
False
Suppose 0 = -3*h + 4*h - 137. Suppose -3*c + 94 = 4*o - 5*c, 5*o - h = -4*c. Let m = 12 + o. Is m a composite number?
False
Suppose 0 = -9*l - 122 + 725. Is l a composite number?
False
Let k(s) = -s - 2. Let c be k(0). Let x be 3/(-6)*(c - 0). Is (26/2 - x) + 2 composite?
True
Suppose 1060 = 4*j - 8*j. Let s = -106 - j. Is s prime?
False
Let q(n) = -2*n**3 - 2*n**2 + 4*n + 1. Let i be q(3). Suppose -p - v + 50 + 82 = 0, -5*v - 20 = 0. Let j = p + i. Is j a composite number?
True
Suppose -x - 156 = -3*m, 3*m - 2*x - 122 = 37. Is m composite?
True
Let s(t) = 0 + 3*t**3 - 4*t**3 - 3 + 5*t - 2*t**2 - 4*t. Is s(-5) a composite number?
False
Let s be (46 - 5)/((-1)/(-1)). Let d = 62 - s. Is (-56)/21*d/(-4) a prime number?
False
Let n(h) = -9*h**3 - 2*h**2 - 5*h - 1. Is n(-4) a composite number?
False
Let s = -2 + 4. Let w = s + -8. Let g(i) = -i**3 - 5*i**2 - 3*i - 7. Is g(w) a composite number?
False
Let q be (-517)/(-5) + 16/(-40). Let u = -72 + q. Is u a composite number?
False
Let y(b) = b**3 - 11*b**2 + 11*b - 14. Let h be y(10). Let k be (-8)/2*h/4. Suppose k*w = 84 + 56. Is w composite?
True
Let i(j) = 34*j + 5. Is i(14) prime?
False
Let p(d) = -91*d. Let z(l) = -2*l + 11. Let g be z(6). Is p(g) a prime number?
False
Is 4/(-6) + (-586)/(-6) a composite number?
False
Let w(v) = -16*v - 14. Let p be w(-10). Suppose -5*d + 141 + 182 = -3*x, -3*x + p = 2*d. Is d prime?
True
Let c = 153 - 83. Let r(s) = 10*s + 1. Let h be r(-4). Let b = h + c. Is b prime?
True
Is ((-10)/15)/(2/(-1737)) prime?
False
Let s(n) = -n + 9. Let r be s(9). Suppose -3*u - 2*h = -266 - 217, -5*u - 3*h + 806 = r. Is u a prime number?
True
Is (-6)/10 + (2 - (-3388)/5) composite?
True
Let s(q) = q**3 - 8*q**2 + 8*q + 6. Is s(7) composite?
False
Let b = 754 + -533. Is b a prime number?
False
Suppose -18 = 3*s - 63. Is s a prime number?
False
Suppose 6*z = 257 + 1465. Is z a prime number?
False
Suppose -4*r + 2*a - 32 = -0*a, -3*r = 5*a - 2. Let g be (2 + 10/r)*15. Suppose -4*x + g*k + 55 = 0, -k + 0*k + 16 = x. Is x a composite number?
True
Suppose z + 5*q - 20 = -0*q, 0 = 3*z + 2*q - 21. Is 8/20 + 953/z composite?
False
Is 5/(25/19505) - 2 a prime number?
False
Let y(g) = -89*g + 53. Is y(-6) a composite number?
False
Suppose -4*g - 38 - 33 = -5*u, 5*u = -2*g + 77. Suppose -14 = -5*j + 2*m, 4*m = -4*j + u + 13. Is 2/4*j + 8 prime?
False
Let c be ((-2)/4)/(2/4). Let v(a) = -3*a - 3 - 18*a - 1 + 5. Is v(c) a composite number?
True
Let v = -863 + 530. Let n = v + 920. Is n prime?
True
Let s(m) = 53*m**2 - m + 1. Let u be s(1). Let b = u - 4. Is b composite?
True
Suppose 0*j - 1006 = -2*u - 2*j, 2*u - 5*j - 1006 = 0. Is u composite?
False
Let j = -20 - 0. Let l = j - -2. Let s = l - -32. Is s a prime number?
False
Let m = -607 + 1838. Let d be (-2)/(-9) - m/(-9). Let b = 214 - d. Is b composite?
True
Suppose -2*j = -2*g + 4, g - 5*g - j = -3. Let x(b) = 16*b - 1. Let q be x(-2). Is (g - -57) + q/11 a 